, 0 = -2*u + u - 3*w - 11. Let n be d(u). Let a be 0/n + 3 + 2. Let k(p) = p**2 - 5*p - 7. Give k(a).
-7
Suppose -4 + 10 = l. Let i(r) = 5*r - r**3 - 4*r**2 - 3*r**2 + 2*r**3. What is i(l)?
-6
Let r(t) = -t**2 - 2*t - 3. Let o(i) = i. Let v(l) = 3*o(l) - r(l). Let q = -340 - -334. What is v(q)?
9
Let r(h) = -3*h**2. Let n be r(1). Let i(p) = -3*p**2 - p - 2. Let t(o) = -8*o**2 - 3*o - 6. Let w(v) = 11*i(v) - 4*t(v). Determine w(n).
-10
Let l(w) = -w**2 - 4*w + 7. Suppose 2*h - 3*h = 5*o - 28, 5*h - 48 = -2*o. Suppose -3*c - 10 = h. Calculate l(c).
-5
Let o = 2 - 0. Suppose -o*f = -5*f + 6. Suppose -f*x + 3 = 1. Let q(u) = 6*u**3 - u. Determine q(x).
5
Let f(q) = 3*q. Let p(r) = r**3 + 12*r**2 - 12*r + 15. Let b be p(-13). What is f(b)?
6
Let p(f) be the third derivative of -f**4/24 - f**3/2 + f**2. Let q = 63 - 60. Determine p(q).
-6
Let s be -6*(27/(-6) + 25/5). Let x(o) be the second derivative of -1/6*o**3 + 0 + o - 2*o**2. Determine x(s).
-1
Let w = -56 + 53. Let o(l) = -l**3 - l**2 + 3*l - 1. Calculate o(w).
8
Let a be ((-2)/(-3))/(14/105*-5). Let l(c) = 17*c**2 + 1. Calculate l(a).
18
Let o(j) = -j**2 + j + 14. Let k(h) = h**2 + 16*h - 36. Let l be k(-18). Give o(l).
14
Let x(w) = 2*w - 2. Let o(b) be the first derivative of -3*b**2/2 + 5*b - 2. Let r(p) = -3*o(p) - 5*x(p). Determine r(-4).
-1
Suppose -3*v + 0*v = -15. Suppose 3*g - g = -4*n - 8, v*g - 5*n = 25. Let r(f) = -g*f - 2*f**2 - 5*f**3 + 4*f**3 + 3*f - 3. Calculate r(-3).
3
Let g be (-5)/(-1) - 2/1. Let w(j) be the third derivative of j**5/60 - j**4/24 - 2*j**3/3 - 2*j**2 + 10. What is w(g)?
2
Let o(y) = 2 + 3*y**3 + 0*y**3 - 2*y**3. Let u = -28 - -33. Suppose u*b + 4*a = 5 + 9, 4*b - 5*a - 3 = 0. What is o(b)?
10
Suppose -2*k = k - 18. Suppose 3*j + k = -3. Let x be (-3)/((-9)/2)*j. Let o(y) = y**3 + 3*y**2 + 3*y. Give o(x).
-2
Suppose 37 = -5*b + 32. Let k(i) be the third derivative of -i**5/60 + i**3/6 + i**2. Determine k(b).
0
Let m(c) = c**2 - c - 1. Let b be (-3)/2*10/(-3). Suppose 0 = 3*l - 3*x + 6, -l - 16 = -b*l - 2*x. Give m(l).
1
Suppose k - 15 + 17 = 0. Let g(l) = -2*l**2 - 2. Give g(k).
-10
Let p(z) = 4*z - 3 - 3*z + 0*z. Let s = -11 + 15. Determine p(s).
1
Let p be 7 - ((-8)/(-6))/(8/6). Let b(d) = -2*d + 9. Give b(p).
-3
Let u be (-10 + 6)*(-1 - 0). Let y(g) = 0 + g**2 - 2*g**2 + 3*g + 1. Calculate y(u).
-3
Let s(j) be the first derivative of -2 + 1/3*j**3 + 0*j**2 - j + 1/2*j**4. Calculate s(-1).
-2
Let o(v) = v**3 - 4*v**2 - v + 1. Suppose 4*d - 7*d = -12. What is o(d)?
-3
Let f(j) be the second derivative of j**3/2 + j. Let b = 82 - 83. Give f(b).
-3
Let v(p) be the first derivative of p**3/3 + 3*p**2 - 29. Let u be 1*(-2)/2*3. Give v(u).
-9
Let a = 3 - -1. Let z(k) = k**2 - 5*k + 3. Calculate z(a).
-1
Suppose 0 = r + 2*n + 1, -5*n + 5 - 3 = -2*r. Let c(j) = 4*j + 1. Calculate c(r).
-3
Let x(a) be the third derivative of 1/60*a**5 + 0 + 0*a - 2*a**2 - 2/3*a**3 - 1/4*a**4. Suppose -16 = -4*f + 4. Give x(f).
-9
Let w(g) = 2*g - 15. Let l(y) = y - 8. Let a(v) = 11*l(v) - 6*w(v). Suppose -q - 4*q = -15. Determine a(q).
-1
Suppose 2*x + 3*x = 25. Let u(b) = -7 + 2*b**2 - x*b**2 + 2*b + b**3 - 3*b**2. What is u(6)?
5
Let i(p) be the third derivative of 0 - p**2 + 1/24*p**4 - 1/120*p**5 + 1/3*p**3 + 0*p. Let t(m) be the first derivative of i(m). What is t(2)?
-1
Let d be (0 + -1)*-6 - 1. Suppose -d*k + 16 = -k. Suppose 2*b = -2*b - k. Let v(n) = -6*n**3 + n**2. Calculate v(b).
7
Suppose -5*k = -4*n + 19, 3*n + 2 = 8*n + k. Let f(v) = -6*v**2 - 7*v - 10. Let g(c) = -4*c**2 - 5*c - 7. Let r(z) = 5*f(z) - 7*g(z). Give r(n).
-3
Let s(d) be the first derivative of -d**2/2 - 3*d - 1. Suppose 0 = -2*m - 1 - 3. Determine s(m).
-1
Let w(l) be the first derivative of 2/3*l**3 + 4 - 1/24*l**4 + 0*l + 3/2*l**2. Let i(c) be the second derivative of w(c). Calculate i(2).
2
Let g be (9/6)/(9/(-24)). Let n be ((-8)/6)/(g/(-6)). Let z(a) = 3*a + 1. Give z(n).
-5
Let i(k) = 7*k**2 + k**3 + k - 2*k**2 - 51 + 48. Calculate i(-3).
12
Let h(g) = -5*g + 19. Let z(v) = -6*v + 21. Let f(o) = 7*h(o) - 6*z(o). Let k(s) = 2*s + 5. Let i be k(-5). Calculate f(i).
2
Let z(v) = -5*v**2 + 66*v + 65*v - v**3 - 125*v - 2. Give z(-6).
-2
Let c(r) = -r**2 + 8*r - 4. Let z be 1 + 9/2 - 1/2. Determine c(z).
11
Let v(q) = -3*q**2 - 8*q + 15. Let x(f) = -f**2 - 3*f + 5. Let p(j) = 2*v(j) - 7*x(j). Determine p(-5).
-5
Let m be (-1)/(-7) - 29/7. Let w(q) = 3*q + 1. Calculate w(m).
-11
Suppose 2*x - 4 + 16 = 0. Let f(r) = r**2 + 5*r - 1. Determine f(x).
5
Suppose 2*q - 2 = -3*c - 6, -3*c + 2*q + 4 = 0. Suppose -z + 3*z - 4*m + 16 = c, 0 = 4*z + 3*m + 10. Let v(s) = s**2 + 6*s + 1. What is v(z)?
-7
Let k(y) = 0 + y**3 - 3*y**2 - 2 + 0 + 4*y. Suppose w - 2 = -w. Let l be (w/(-3))/((-2)/12). What is k(l)?
2
Let c be (-1)/(-1 + 8/7). Let j(h) = h + 7. Let k be j(c). Let r(f) = -f**2 + 1 + k + 0 + 4*f. Calculate r(5).
-4
Let q(b) = 13*b. Let u be (-3)/(-6) - 50/(-4). Let w(a) = -7*a. Let f(c) = u*w(c) + 6*q(c). Calculate f(-1).
13
Let k = -1 - -6. Let l(j) = 7 + 2*j - 6*j + k*j. Give l(-3).
4
Let u(h) = -h**3 + 12*h**2 + 6. Let r be u(12). Let c(t) = -t**3 + 7*t**2 - 5*t - 1. Determine c(r).
5
Let l be (-6 - -8)/((-4)/(-34)). Let i = l - 16. Let m(x) = -2*x. Calculate m(i).
-2
Let b(y) be the third derivative of y**6/120 - y**4/24 - 2*y**3/3 - 2*y**2. Let d(u) = 4*u**2 + u - 2*u**2 - u**3 - u**2. Let z be d(0). Determine b(z).
-4
Let c(q) = q - 1. Suppose -4 = 4*t - 3*t. Let o(m) = -m**2 + m + 5. Let z be o(t). Let y = -11 - z. Calculate c(y).
3
Let q = 0 + 2. Let a be (q/4)/(2/12). Let w = 1 - a. Let l(y) = -y**2. What is l(w)?
-4
Suppose w = 5*w - 8. Let k(r) = 6 - w - 2 - r**2 + r. What is k(0)?
2
Let u(f) = -f + 6. Let p(t) = -t + 9. Let g(w) = 5*p(w) - 7*u(w). Give g(4).
11
Let k = 33 + -18. Let x = -7 - -11. Suppose -2*t + 10 = x*w, 0 = -0*t + 3*t - 3*w - k. Let m(s) = -s**3 + 4*s**2 + 6*s - 1. Give m(t).
4
Let v be 0 - (-1 + 15/5). Suppose -4*c + 3*c = -2. Let k(a) = -2*a**c - 6 + 0 - a**3 - 2*a + 4. Give k(v).
2
Let g(b) be the second derivative of -1/2*b**2 + 0 + 1/6*b**4 - 2/3*b**3 + 2*b. Let t be (-9)/(-3) - 0/(-3). What is g(t)?
5
Let c(p) = 4*p + 1. Let z = 3 - 10. Let j be 4/8 + z/2. Let o = j + 4. What is c(o)?
5
Suppose 13*x + 30 = -22. Let j(p) = -4*p - 9. Calculate j(x).
7
Suppose -4*y + 18 = -y. Let b(h) = -3*h**2 + 2*h**2 + 5 - h - y. Suppose -5*z = 2*i + 2*i - 14, 2 = 2*z - 2*i. What is b(z)?
-7
Let f(b) be the second derivative of -b**4/12 + 5*b**3/6 - b**2/2 + 21*b. Calculate f(5).
-1
Let d(c) = 11*c - 1. Let w be ((-2)/2 - -2)*(5 - 6). What is d(w)?
-12
Let y(n) = 40 - 24 + 2*n - 18. Give y(2).
2
Let u(d) = d**3 - 9*d**2 + 16*d - 14. Let m be u(7). Let r(q) be the third derivative of 1/3*q**3 + 0*q + q**2 + m - 1/24*q**4. Give r(3).
-1
Let h(r) be the first derivative of -r**4/4 - 7*r**3/3 - 7*r**2/2 - 2*r + 3. Determine h(-6).
4
Let x(d) be the first derivative of d**4/4 + d**3 - 5*d**2/2 - 5*d + 18. Determine x(-4).
-1
Let v(i) be the second derivative of i**5/20 - i**4/3 - i**3/2 + 5*i**2/2 - 19*i. Calculate v(4).
-7
Let d = 12 - 12. Let k = d + 6. Let t(z) = -z**3 + 6*z**2 + z + 6. Determine t(k).
12
Suppose -2*o = -2, -4*o = -3*h + 2*h + 8. Let g(f) = -h*f**2 + 4 + 16*f**2 - f**3 - 2*f - 5. What is g(3)?
2
Let f(v) = 2 + 0*v**3 - 5*v**2 + 4*v + v + v**3. Let w(n) = 2*n**2 - 3*n + 2. Suppose -7*b + 2*b = -10. Let r be w(b). Calculate f(r).
6
Let r(o) be the third derivative of o**4/24 - o**3/2 + 3*o**2. Let i = 32 + -26. Calculate r(i).
3
Let f(x) = 1 - 3*x + 0 + 1. Let s(i) = -13*i + 9. Let r(q) = 9*f(q) - 2*s(q). What is r(-5)?
5
Let x(y) = 2*y**3 + y**2 - 2*y - 2. Suppose -4*z - 1 = -5. Let q be 6*((-12)/(-9))/z. Suppose q = -5*c + c. What is x(c)?
-10
Suppose -4 = -i + 5. Let o be (-3)/(i/(-6)) + 0. Let l(u) = 1 + 0 + 5*u**3 + 0*u**3 - 2*u**o. Give l(-1).
-6
Let m(n) = n**3 - 9*n**2 - 8. Let h(x) = -x**3 - 15*x**2 + 14*x - 23. Let c be h(-16). Determine m(c).
-8
Let l be 2 - (27/3)/(-3). Suppose -5*r + 2*j + 5 = 0, 5*j = -5*r - 0*j + l. Let m(i) = i. What is m(r)?
1
Let c(w) be the first derivative of -w**4/4 + 4*w**3/3 + 4*w**2 - 7*w + 1. Let i be -30*(-2)/12*4. Let v = 25 - i. Determine c(v).
8
Let z(f) = 2*f**2 - 3*f**2 - 5*f + f + 1 + f**3 + 2*f. Give z(2).
1
Let w(k) = -k*